{"id":2244,"date":"2025-12-19T18:06:50","date_gmt":"2025-12-19T18:06:50","guid":{"rendered":"https:\/\/cvt.edu.mx\/home\/?page_id=2244"},"modified":"2025-12-19T18:46:28","modified_gmt":"2025-12-19T18:46:28","slug":"becas","status":"publish","type":"page","link":"https:\/\/cvt.edu.mx\/home\/becas\/","title":{"rendered":"Becas"},"content":{"rendered":"\t\t<div data-elementor-type=\"wp-page\" data-elementor-id=\"2244\" class=\"elementor elementor-2244\" data-elementor-post-type=\"page\">\n\t\t\t\t<div class=\"elementor-element elementor-element-5bc7b45 e-flex e-con-boxed e-con e-parent\" data-id=\"5bc7b45\" data-element_type=\"container\" data-e-type=\"container\">\n\t\t\t\t\t<div class=\"e-con-inner\">\n\t\t\t\t<div class=\"elementor-element elementor-element-50cce3c elementor-widget__width-auto elementor-widget-mobile__width-auto elementor-widget elementor-widget-heading\" data-id=\"50cce3c\" data-element_type=\"widget\" data-e-type=\"widget\" data-widget_type=\"heading.default\">\n\t\t\t\t\t<p class=\"elementor-heading-title elementor-size-default\">Colegio Victoria Tepeyac<\/p>\t\t\t\t<\/div>\n\t\t<div class=\"elementor-element elementor-element-ef51528 e-con-full e-flex e-con e-child\" data-id=\"ef51528\" data-element_type=\"container\" data-e-type=\"container\">\n\t\t<div class=\"elementor-element elementor-element-98bb5af e-grid e-con-full e-con e-child\" data-id=\"98bb5af\" data-element_type=\"container\" data-e-type=\"container\">\n\t\t<div class=\"elementor-element elementor-element-c6d4d0b e-con-full e-flex e-con e-child\" data-id=\"c6d4d0b\" data-element_type=\"container\" data-e-type=\"container\" data-settings=\"{&quot;background_background&quot;:&quot;gradient&quot;}\">\n\t\t\t\t<div class=\"elementor-element elementor-element-a1bebd1 elementor-widget elementor-widget-image-box\" data-id=\"a1bebd1\" data-element_type=\"widget\" data-e-type=\"widget\" data-widget_type=\"image-box.default\">\n\t\t\t\t\t<div class=\"elementor-image-box-wrapper\"><div class=\"elementor-image-box-content\"><h3 class=\"elementor-image-box-title\">BECAS UNAM<\/h3><p class=\"elementor-image-box-description\">CONSULTA LAS BASES EN DIRECCI\u00d3N DE PREPARATORIA\n<\/p><\/div><\/div>\t\t\t\t<\/div>\n\t\t\t\t<div class=\"elementor-element elementor-element-112a8a1 elementor-widget__width-initial elementor-widget-mobile__width-inherit elementor-widget elementor-widget-heading\" data-id=\"112a8a1\" data-element_type=\"widget\" data-e-type=\"widget\" data-widget_type=\"heading.default\">\n\t\t\t\t\t<p class=\"elementor-heading-title elementor-size-default\">50% DE BECA<\/p>\t\t\t\t<\/div>\n\t\t\t\t<\/div>\n\t\t<div class=\"elementor-element elementor-element-4b1cd01 e-con-full e-flex e-con e-child\" data-id=\"4b1cd01\" data-element_type=\"container\" data-e-type=\"container\" data-settings=\"{&quot;background_background&quot;:&quot;classic&quot;}\">\n\t\t\t\t<div class=\"elementor-element elementor-element-41653de elementor-widget elementor-widget-image\" data-id=\"41653de\" data-element_type=\"widget\" data-e-type=\"widget\" data-widget_type=\"image.default\">\n\t\t\t\t\t\t\t\t\t\t\t\t\t\t\t<img fetchpriority=\"high\" decoding=\"async\" width=\"1061\" height=\"1297\" src=\"https:\/\/cvt.edu.mx\/home\/wp-content\/uploads\/2025\/12\/logodgire.png\" class=\"attachment-full size-full wp-image-2254\" alt=\"\" srcset=\"https:\/\/cvt.edu.mx\/home\/wp-content\/uploads\/2025\/12\/logodgire.png 1061w, https:\/\/cvt.edu.mx\/home\/wp-content\/uploads\/2025\/12\/logodgire-245x300.png 245w, https:\/\/cvt.edu.mx\/home\/wp-content\/uploads\/2025\/12\/logodgire-838x1024.png 838w, https:\/\/cvt.edu.mx\/home\/wp-content\/uploads\/2025\/12\/logodgire-768x939.png 768w\" sizes=\"(max-width: 1061px) 100vw, 1061px\" \/>\t\t\t\t\t\t\t\t\t\t\t\t\t\t\t<\/div>\n\t\t\t\t<\/div>\n\t\t<div class=\"elementor-element elementor-element-202c778 e-con-full e-flex e-con e-child\" data-id=\"202c778\" data-element_type=\"container\" data-e-type=\"container\" data-settings=\"{&quot;background_background&quot;:&quot;classic&quot;}\">\n\t\t\t\t<div class=\"elementor-element elementor-element-56b67e5 elementor-widget elementor-widget-image\" data-id=\"56b67e5\" data-element_type=\"widget\" data-e-type=\"widget\" data-widget_type=\"image.default\">\n\t\t\t\t\t\t\t\t\t\t\t\t\t\t\t<img decoding=\"async\" width=\"2560\" height=\"794\" src=\"https:\/\/cvt.edu.mx\/home\/wp-content\/uploads\/2025\/12\/logosep.png\" class=\"attachment-full size-full wp-image-2261\" alt=\"\" srcset=\"https:\/\/cvt.edu.mx\/home\/wp-content\/uploads\/2025\/12\/logosep.png 2560w, https:\/\/cvt.edu.mx\/home\/wp-content\/uploads\/2025\/12\/logosep-300x93.png 300w, https:\/\/cvt.edu.mx\/home\/wp-content\/uploads\/2025\/12\/logosep-1024x318.png 1024w, https:\/\/cvt.edu.mx\/home\/wp-content\/uploads\/2025\/12\/logosep-768x238.png 768w, https:\/\/cvt.edu.mx\/home\/wp-content\/uploads\/2025\/12\/logosep-1536x476.png 1536w, https:\/\/cvt.edu.mx\/home\/wp-content\/uploads\/2025\/12\/logosep-2048x635.png 2048w\" sizes=\"(max-width: 2560px) 100vw, 2560px\" \/>\t\t\t\t\t\t\t\t\t\t\t\t\t\t\t<\/div>\n\t\t\t\t<\/div>\n\t\t<div class=\"elementor-element elementor-element-8f2b1fe e-con-full e-flex e-con e-child\" data-id=\"8f2b1fe\" data-element_type=\"container\" data-e-type=\"container\" data-settings=\"{&quot;background_background&quot;:&quot;gradient&quot;}\">\n\t\t\t\t<div class=\"elementor-element elementor-element-354d4a1 elementor-widget elementor-widget-image-box\" data-id=\"354d4a1\" data-element_type=\"widget\" data-e-type=\"widget\" data-widget_type=\"image-box.default\">\n\t\t\t\t\t<div class=\"elementor-image-box-wrapper\"><div class=\"elementor-image-box-content\"><h3 class=\"elementor-image-box-title\">BECAS SEP<\/h3><p class=\"elementor-image-box-description\">CONSULTA LA CONVOCATORIA EN DIRECCI\u00d3N DE CADA SECCI\u00d3N<\/p><\/div><\/div>\t\t\t\t<\/div>\n\t\t\t\t<\/div>\n\t\t\t\t<\/div>\n\t\t\t\t<\/div>\n\t\t\t\t\t<\/div>\n\t\t\t\t<\/div>\n\t\t\t\t<\/div>\n\t\t","protected":false},"excerpt":{"rendered":"<p>Colegio Victoria Tepeyac BECAS UNAM CONSULTA LAS BASES EN DIRECCI\u00d3N DE PREPARATORIA 50% DE BECA BECAS SEP CONSULTA LA CONVOCATORIA EN DIRECCI\u00d3N DE CADA SECCI\u00d3N<\/p>\n","protected":false},"author":1,"featured_media":0,"parent":0,"menu_order":0,"comment_status":"closed","ping_status":"closed","template":"elementor_header_footer","meta":{"om_disable_all_campaigns":false,"_monsterinsights_skip_tracking":false,"_monsterinsights_sitenote_active":false,"_monsterinsights_sitenote_note":"","_monsterinsights_sitenote_category":0,"footnotes":""},"class_list":["post-2244","page","type-page","status-publish","hentry"],"aioseo_notices":[],"_links":{"self":[{"href":"https:\/\/cvt.edu.mx\/home\/wp-json\/wp\/v2\/pages\/2244","targetHints":{"allow":["GET"]}}],"collection":[{"href":"https:\/\/cvt.edu.mx\/home\/wp-json\/wp\/v2\/pages"}],"about":[{"href":"https:\/\/cvt.edu.mx\/home\/wp-json\/wp\/v2\/types\/page"}],"author":[{"embeddable":true,"href":"https:\/\/cvt.edu.mx\/home\/wp-json\/wp\/v2\/users\/1"}],"replies":[{"embeddable":true,"href":"https:\/\/cvt.edu.mx\/home\/wp-json\/wp\/v2\/comments?post=2244"}],"version-history":[{"count":40,"href":"https:\/\/cvt.edu.mx\/home\/wp-json\/wp\/v2\/pages\/2244\/revisions"}],"predecessor-version":[{"id":2288,"href":"https:\/\/cvt.edu.mx\/home\/wp-json\/wp\/v2\/pages\/2244\/revisions\/2288"}],"wp:attachment":[{"href":"https:\/\/cvt.edu.mx\/home\/wp-json\/wp\/v2\/media?parent=2244"}],"curies":[{"name":"wp","href":"https:\/\/api.w.org\/{rel}","templated":true}]}}